22 (base 3) to base 5.
-32342
Convert -1054352 (base 6) to base 3.
-2202021012
-1011 (base 4) to base 3
-2120
Convert 710 (base 14) to base 5.
21021
What is 15c7 (base 16) in base 10?
5575
Convert 10031 (base 5) to base 11.
533
-123300 (base 4) to base 10
-1776
9699 (base 13) to base 16
51b1
-20033 (base 7) to base 8
-11332
What is 32442 (base 8) in base 9?
20583
Convert 709 (base 10) to base 5.
10314
What is -11021020 (base 3) in base 8?
-6047
Convert -c1 (base 14) to base 6.
-441
What is -451013 (base 6) in base 5?
-2202214
Convert -1041402 (base 5) to base 10.
-18352
What is 1415 (base 8) in base 11?
650
What is 164 (base 10) in base 11?
13a
Convert 36 (base 14) to base 13.
39
Convert -144431 (base 5) to base 6.
-44521
290 (base 14) to base 4
20012
Convert 3259 (base 13) to base 9.
10541
Convert 21011000 (base 3) to base 7.
21123
16040 (base 8) to base 13
337b
536 (base 8) to base 10
350
-221020001 (base 3) to base 10
-18388
What is -10b05 (base 13) in base 8?
-73331
Convert 10231020 (base 4) to base 13.
8a06
Convert -20220230 (base 4) to base 2.
-1000101000101100
What is -8484 (base 14) in base 10?
-22852
8db (base 16) to base 4
203123
What is 100000110 (base 2) in base 4?
10012
What is -2163 (base 7) in base 10?
-780
What is 11100000011 (base 2) in base 16?
703
What is -6b9 (base 12) in base 8?
-1755
Convert 11011110010100 (base 2) to base 11.
a765
2026 (base 8) to base 15
49b
Convert 40 (base 13) to base 14.
3a
What is 2022 (base 4) in base 9?
163
-22131 (base 9) to base 11
-10044
14404 (base 9) to base 11
7404
776 (base 13) to base 11
a64
Convert -2302003 (base 5) to base 8.
-117656
What is 1111122122 (base 3) in base 9?
44578
Convert -5482 (base 10) to base 16.
-156a
Convert 6a (base 12) to base 16.
52
-3d8 (base 14) to base 9
-1054
What is 220211 (base 3) in base 10?
670
What is 115664 (base 7) in base 5?
1140023
-b3e (base 16) to base 8
-5476
Convert 4361 (base 7) to base 11.
11a0
Convert -ab70 (base 13) to base 14.
-8a08
-21001303 (base 4) to base 2
-1001000001110011
Convert 2369 (base 10) to base 13.
1103
13c (base 15) to base 6
1150
-1090b (base 14) to base 4
-21303333
Convert 1435 (base 8) to base 2.
1100011101
Convert 214 (base 5) to base 4.
323
Convert 1011111110 (base 2) to base 6.
3314
Convert -3344 (base 16) to base 13.
-5c87
161104 (base 7) to base 6
402201
1232 (base 4) to base 7
215
-318 (base 13) to base 12
-380
33056 (base 7) to base 16
2051
What is -300 (base 7) in base 13?
-b4
Convert 240 (base 11) to base 4.
10132
Convert -33012 (base 5) to base 12.
-1381
Convert -881 (base 9) to base 4.
-23101
110110 (base 3) to base 15
176
-6b3 (base 13) to base 3
-1120222
Convert -2b (base 14) to base 8.
-47
Convert -49344 (base 11) to base 6.
-1304254
What is -1433 (base 6) in base 7?
-1053
110110 (base 2) to base 13
42
Convert 160466 (base 7) to base 4.
13223201
Convert 10211 (base 6) to base 14.
703
-431 (base 8) to base 13
-188
Convert -42311 (base 7) to base 4.
-2203031
-14142 (base 8) to base 2
-1100001100010
-d7 (base 14) to base 5
-1224
Convert -1132 (base 7) to base 16.
-19f
Convert 3473 (base 16) to base 14.
4c71
Convert -666 (base 12) to base 7.
-2514
14225 (base 7) to base 16
f32
-20131312 (base 4) to base 12
-1809a
What is 1115 (base 6) in base 5?
2023
What is 370 (base 12) in base 8?
1004
1b8a6 (base 12) to base 14
10d42
What is -2101120222 (base 3) in base 7?
-254165
1180 (base 12) to base 10
1968
203241 (base 6) to base 9
24317
2d0 (base 16) to base 8
1320
Convert 21020 (base 4) to base 5.
4314
What is -bab6 (base 14) in base 3?
-1122022110
What is 1011001110110 (base 2) in base 6?
42342
3305 (base 9) to base 7
10046
What is -418 (base 12) in base 14?
-308
What is 18bd (base 14) in base 3?
20010220
Convert 3766 (base 8) to base 10.
2038
Convert 418 (base 12) to base 9.
732
102000 (base 5) to base 2
110100101111
Convert 1031210 (base 4) to base 9.
6725
What is 2e75 (base 16) in base 3?
121022111
What is 11010110 (base 2) in base 5?
1324
-2102 (base 4) to base 6
-402
-100010010100111 (base 2) to base 14
-6595
-3976 (base 14) to base 16
-2774
Convert 423 (base 6) to base 2.
10011111
What is 3037 (base 14) in base 7?
33100
What is 23a1 (base 15) in base 2?
1110110011000
Convert -22110 (base 3) to base 11.
-198
a36 (base 13) to base 11
1338
Convert 874d (base 15) to base 7.
146344
Convert -2021 (base 5) to base 4.
-10011
What is -5270 (base 9) in base 6?
-25530
-10011001110011110 (base 2) to base 3
-11000000200
What is -27 (base 12) in base 10?
-31
149 (base 13) to base 2
11100110
-11000001101000 (base 2) to base 7
-51062
Convert 2111 (base 5) to base 2.
100011001
Convert 200032 (base 4) to base 12.
123a
What is -2506 (base 7) in base 16?
-3a9
What is 764 (base 14) in base 15?
675
Convert 72d (base 15) to base 5.
22433
What is 2111222 (base 4) in base 10?
9578
Convert 132020 (base 5) to base 15.
185a
What is -1432011 (base 5) in base 3?
-1112111121
20a7 (base 11) to base 16
adb
What is -20041 (base 5) in base 4?
-103313
500d (base 14) to base 8
32645
837 (base 13) to base 11
1061
What is 201222 (base 3) in base 16?
21b
What is 80e5 (base 16) in base 14?
c04d
-5bc (base 14) to base 9
-1513
22100 (base 4) to base 14
34c
Convert 2997 (base 10) to base 7.
11511
Convert 1011 (base 7) to base 10.
351
What is -452 (base 11) in base 3?
-202001
Convert 17b3 (base 12) to base 14.
1091
Convert -b (base 15) to base 6.
-15
What is -200 (base 10) in base 15?
-d5
1039 (base 14) to base 6
20535
What is 4041 (base 8) in base 14?
a89
What is -110170 (base 8) in base 4?
-21001320
Convert -23b7 (base 16) to base 9.
-13478
Convert -145a (base 12) to base 3.
-10020221
What is -1a94 (base 13) in base 9?
-5443
4457 (base 8) to base 9
3202
Convert -8979 (base 11) to base 9.
-17186
4caf (base 16) to base 5
1112011
-11100110000 (base 2) to base 16
-730
12400 (base 5) to base 15
450
What is 2032122 (base 4) in base 16?
239a
Convert -2b87 (base 16) to base 4.
-2232013
11210012 (base 3) to base 2
110110100000
Convert -2100121 (base 3) to base 4.
-122311
Convert -113203 (base 5) to base 13.
-1b95
10002330 (base 4) to base 14
607a
2eb (base 16) to base 5
10442
-1627 (base 16) to base 5
-140141
3a84 (base 11) to base 2
1010010101111
4145 (base 6) to base 7
2465
-25b (base 13) to base 5
-3124
-347 (base 16) to base 10
-839
141471 (base 8) to base 16
c339
Convert -112413 (base 5) to base 6.
-31004
-1213200 (base 4) to base 12
-3a00
-1073 (base 9) to base 10
-795
Convert 59ea (base 15) to base 11.
13402
What is -1000101011 (base 2) in base 15?
-270
What is 3514 (base 8) in base 10?
1868
What is 16 (base 9) in base 2?
1111
What is -3ce (base 15) in base 3?
-1012012
What is 18a (base 16) in base 7?
1102
-36902 (base 12) to base 5
-4330444
-4120122 (base 5) to base 11
-462aa
Convert 25216 (base 8) to base 16.
2a8e
What is 22020 (base 5) in base 15?
6aa
-1100201 (base 3) to base 10
-991
What is -2112120 (base 3) in base 10?
-1851
Convert 125221 (base 6) to base 2.
10110100001101
What is -2291 (base 14) in base 9?
-8214
Convert -12ca (base 14) to base 16.
-cf2
Convert a56 (base 12) to base 2.
10111100010
10b95 (base 15) to base 7
311135
Convert 141121 (base 5) to base 2.
1011010011010
801 (base 15) to base 11
1398
-2533 (base 6) to base 5
-10013
What is 2117 (base 8) in base 3?
1111212
-2177 (base 10) to base 11
-16aa
Convert -935 (base 12) to base 7.
-3620
Convert -3d22 (base 14) to base 8.
-25072
-21a5 (base 11) to base 6
-21230
What is 11113133 (base 4) in base 5?
1200413
50ca (base 13) to base 16
2b8f
What is 1b8 (base 15) in base 2?
110001110
2124 (base 8) to base 6
5044
Convert 1100010220 (base 3) to base 10.
26349
20441 (base 5) to base 15
616
What is 13560 (base 10) in base 13?
6231
Convert -4ab5 (base 14) to base 6.
-140343
What is -5356 (base 9) in base 10?
-3939
Convert 1123 (base 10) to base 16.
463
What is 74a6 (base 14) in base 9?
30555
What is 127 (base 15) in base 6?
1114
What is 507 (base 8) in base 5?
2302
-102010000 (base 3) to base 16
-1fa4
91224 (base 10) to base 11
625a1
What is -30430 (base 6) in base 11?
-3052
13502 (base 6) to base 2
100001001110
Convert 1c12 (base 15) to base 11.
4639
Convert 223121 (base 4) to base 16.
ad9
Convert -467 (base 9) to base 12.
-281
What is 2620 (base 8) in base 3?
1221202
What is -2a3ab (base 12) in